{"id":38,"date":"2020-08-01T15:07:54","date_gmt":"2020-08-01T13:07:54","guid":{"rendered":"http:\/\/gurgulserwis.pl\/?page_id=38"},"modified":"2021-02-25T10:07:53","modified_gmt":"2021-02-25T09:07:53","slug":"uslugi","status":"publish","type":"page","link":"https:\/\/gurgulserwis.pl\/index.php\/uslugi\/","title":{"rendered":"Us\u0142ugi"},"content":{"rendered":"\t\t<div data-elementor-type=\"wp-page\" data-elementor-id=\"38\" class=\"elementor elementor-38\" data-elementor-settings=\"[]\">\n\t\t\t<div class=\"elementor-inner\">\n\t\t\t\t<div class=\"elementor-section-wrap\">\n\t\t\t\t\t\t\t<section class=\"elementor-element elementor-element-5db2ee2 elementor-section-boxed elementor-section-height-default elementor-section-height-default elementor-section elementor-top-section\" data-id=\"5db2ee2\" data-element_type=\"section\">\n\t\t\t\t\t\t<div class=\"elementor-container elementor-column-gap-default\">\n\t\t\t\t<div class=\"elementor-row\">\n\t\t\t\t<div class=\"elementor-element elementor-element-94e5332 elementor-column elementor-col-100 elementor-top-column\" data-id=\"94e5332\" data-element_type=\"column\">\n\t\t\t<div class=\"elementor-column-wrap  elementor-element-populated\">\n\t\t\t\t\t<div class=\"elementor-widget-wrap\">\n\t\t\t\t<div class=\"elementor-element elementor-element-1fbf62e elementor-headline--style-highlight elementor-widget elementor-widget-animated-headline\" data-id=\"1fbf62e\" data-element_type=\"widget\" data-settings=\"{&quot;highlighted_text&quot;:&quot;IT Outsourcing&quot;,&quot;headline_style&quot;:&quot;highlight&quot;,&quot;marker&quot;:&quot;circle&quot;}\" data-widget_type=\"animated-headline.default\">\n\t\t\t\t<div class=\"elementor-widget-container\">\n\t\t\t\t\t<h4 class=\"elementor-headline\">\n\t\t\t\t\t\t\t<span class=\"elementor-headline-plain-text elementor-headline-text-wrapper\">Wybieraj\u0105c nasz\u0105 fimr\u0119 otrzymujecie Pa\u0144stwo najwy\u017csz\u0105 jako\u015b\u0107 wykonywanych us\u0142ug.<\/span>\n\t\t\t\t\t\t<span class=\"elementor-headline-dynamic-wrapper elementor-headline-text-wrapper\"><\/span>\n\t\t\t\t\t\t\t<span class=\"elementor-headline-plain-text elementor-headline-text-wrapper\">to idealny spos\u00f3b na obni\u017cenie koszt\u00f3w utrzymania sprz\u0119tu informatycznego jak i gwarancja sta\u0142ej opieki nad sieci\u0105 firmy.<\/span>\n\t\t\t\t\t<\/h4>\n\t\t\t\t<\/div>\n\t\t\t\t<\/div>\n\t\t\t\t<div class=\"elementor-element elementor-element-39e62f9 elementor-widget elementor-widget-text-editor\" data-id=\"39e62f9\" data-element_type=\"widget\" data-widget_type=\"text-editor.default\">\n\t\t\t\t<div class=\"elementor-widget-container\">\n\t\t\t\t\t<div class=\"elementor-text-editor elementor-clearfix\"><h4><span style=\"color: #008080;\">W ofercie posiadamy dla Pa\u0144stwa:<br \/>\u00a0\u00a0\u00a0\u00a0 \u2022 <span style=\"font-weight: normal;\">Tworzenie, modernizowanie oraz rozbudowywanie sieci komputerowych<br \/>\u00a0\u00a0\u00a0\u00a0 \u2022 Zarz\u0105dzanie urz\u0105dzeniami sieciowymi<br \/>\u00a0\u00a0\u00a0\u00a0 \u2022 Utrzymywanie sprz\u0119tu komputerowego (serwis)<br \/>\u00a0\u00a0\u00a0\u00a0 \u2022 Zabezpieczanie danych przed utrat\u0105<br \/>\u00a0\u00a0\u00a0\u00a0 \u2022 Zarz\u0105dzanie serwerami<br \/>\u00a0\u00a0\u00a0\u00a0 \u2022 Szybk\u0105 reakcj\u0119 na awarie i usterki<br \/>\u00a0\u00a0\u00a0\u00a0 \u2022 Instalacj\u0119 nowego sprz\u0119tu w firmie<br \/>\u00a0\u00a0\u00a0\u00a0 \u2022 Usuwanie wirus\u00f3w, reinstalacja systemu operacyjnego, rozbudowa stacji roboczych<br \/>\u00a0\u00a0\u00a0\u00a0 \u2022 Monta\u017c monitoringu oraz alarm\u00f3w na terenie biur, fabryk i dom\u00f3w<br \/><b>Co mo\u017cna zyska\u0107 wybieraj\u0105c nasza firm\u0119:<\/b><br \/>\u00a0\u00a0\u00a0\u00a0 \u2022 Obni\u017cenie i ustabilizowanie koszt\u00f3w utrzymania sprz\u0119tu IT<br \/>\u00a0\u00a0\u00a0\u00a0 \u2022 Dost\u0119p do specjalist\u00f3w z zakresu informatyki<br \/>\u00a0\u00a0\u00a0\u00a0 \u2022 Wczesne przeciwdzia\u0142anie awariom<br \/>\u00a0\u00a0\u00a0\u00a0 \u2022 Szybka reakcja w przypadku awarii<br \/>\u00a0\u00a0\u00a0\u00a0 \u2022 Sta\u0142y monitoring serwer\u00f3w w Pa\u0144stwa sieci<br \/>\u00a0\u00a0\u00a0\u00a0 \u2022 Szybka pomoc Pa\u0144stwa pracownikom w przypadku codziennych problem\u00f3w ze sprz\u0119tem oraz oprogramowaniem<br \/><\/span><\/span><\/h4><\/div>\n\t\t\t\t<\/div>\n\t\t\t\t<\/div>\n\t\t\t\t<div class=\"elementor-element elementor-element-3ca606b elementor-widget elementor-widget-text-editor\" data-id=\"3ca606b\" data-element_type=\"widget\" data-widget_type=\"text-editor.default\">\n\t\t\t\t<div class=\"elementor-widget-container\">\n\t\t\t\t\t<div class=\"elementor-text-editor elementor-clearfix\"><h3 style=\"text-align: center;\"><a href=\"http:\/\/gurgulserwis.pl\/index.php\/kontakt\/\"><span style=\"color: #3366ff;\">Skontaktuj si\u0119 z nami !<\/span><\/a><\/h3><\/div>\n\t\t\t\t<\/div>\n\t\t\t\t<\/div>\n\t\t\t\t\t\t<\/div>\n\t\t\t<\/div>\n\t\t<\/div>\n\t\t\t\t\t\t<\/div>\n\t\t\t<\/div>\n\t\t<\/section>\n\t\t\t\t\t\t<\/div>\n\t\t\t<\/div>\n\t\t<\/div>\n\t\t","protected":false},"excerpt":{"rendered":"<p>Wybieraj\u0105c nasz\u0105 fimr\u0119 otrzymujecie Pa\u0144stwo najwy\u017csz\u0105 jako\u015b\u0107 wykonywanych us\u0142ug. to idealny spos\u00f3b na obni\u017cenie koszt\u00f3w utrzymania sprz\u0119tu informatycznego jak i gwarancja sta\u0142ej opieki nad sieci\u0105 firmy. W ofercie posiadamy dla Pa\u0144stwa:\u00a0\u00a0\u00a0\u00a0 \u2022 Tworzenie, modernizowanie oraz rozbudowywanie sieci komputerowych\u00a0\u00a0\u00a0\u00a0 \u2022 Zarz\u0105dzanie urz\u0105dzeniami sieciowymi\u00a0\u00a0\u00a0\u00a0 \u2022 Utrzymywanie sprz\u0119tu komputerowego (serwis)\u00a0\u00a0\u00a0\u00a0 \u2022 Zabezpieczanie danych przed utrat\u0105\u00a0\u00a0\u00a0\u00a0 \u2022 Zarz\u0105dzanie serwerami\u00a0\u00a0\u00a0\u00a0&hellip;&nbsp;<a href=\"https:\/\/gurgulserwis.pl\/index.php\/uslugi\/\" class=\"\" rel=\"bookmark\">Czytaj wi\u0119cej &raquo;<span class=\"screen-reader-text\">Us\u0142ugi<\/span><\/a><\/p>\n","protected":false},"author":1,"featured_media":0,"parent":0,"menu_order":0,"comment_status":"closed","ping_status":"closed","template":"elementor_header_footer","meta":[],"_links":{"self":[{"href":"https:\/\/gurgulserwis.pl\/index.php\/wp-json\/wp\/v2\/pages\/38"}],"collection":[{"href":"https:\/\/gurgulserwis.pl\/index.php\/wp-json\/wp\/v2\/pages"}],"about":[{"href":"https:\/\/gurgulserwis.pl\/index.php\/wp-json\/wp\/v2\/types\/page"}],"author":[{"embeddable":true,"href":"https:\/\/gurgulserwis.pl\/index.php\/wp-json\/wp\/v2\/users\/1"}],"replies":[{"embeddable":true,"href":"https:\/\/gurgulserwis.pl\/index.php\/wp-json\/wp\/v2\/comments?post=38"}],"version-history":[{"count":4,"href":"https:\/\/gurgulserwis.pl\/index.php\/wp-json\/wp\/v2\/pages\/38\/revisions"}],"predecessor-version":[{"id":103,"href":"https:\/\/gurgulserwis.pl\/index.php\/wp-json\/wp\/v2\/pages\/38\/revisions\/103"}],"wp:attachment":[{"href":"https:\/\/gurgulserwis.pl\/index.php\/wp-json\/wp\/v2\/media?parent=38"}],"curies":[{"name":"wp","href":"https:\/\/api.w.org\/{rel}","templated":true}]}}